{"id":3114,"date":"2023-12-04T22:02:41","date_gmt":"2023-12-04T22:02:41","guid":{"rendered":"https:\/\/www.turkiyeyolyardimi.com\/yol-yardim\/?page_id=3114"},"modified":"2023-12-04T22:02:42","modified_gmt":"2023-12-04T22:02:42","slug":"iptal-ve-iade-sartlari","status":"publish","type":"page","link":"https:\/\/www.turkiyeyolyardimi.com\/yol-yardim\/iptal-ve-iade-sartlari\/","title":{"rendered":"\u0130ptal ve iade \u015fartlar\u0131"},"content":{"rendered":"<p>Madde 1- Taraflar<br>&nbsp;<br>1.1. Sat\u0131c\u0131<br>ADI: EuroT\u00fcrkassist<\/p><p>DTAC.e.V<\/p><p>Spichernerstr.6<\/p><p>41449 Dortmund<br>Telefon: +<strong>49 (0) 231 130 79 9 34<\/strong><\/p><p>E-posta :info@ euroturkassist.com<br>Web sitesi: <a href=\"http:\/\/www.euroturkassist.com\/\">www.euroturkassist.com<\/a><a href=\"http:\/\/www.dtac.eu\/\"> www.dtac.eu <\/a>&nbsp;<br>&nbsp;<br>1.2. Al\u0131c\u0131<br>Sat\u0131n alacak ki\u015fi (bundan sonra ALICI olarak an\u0131lacakt\u0131r)<br>Madde 2- Konu-Mesafeli Sat\u0131\u015f S\u00f6zle\u015fmesi&nbsp;<br>\u0130\u015fbu s\u00f6zle\u015fmenin konusu, ALICI\u2019n\u0131n SATICI\u2019ya ait <a href=\"http:\/\/www.euroturkassist.com\/\">www.euroturkassist.com<\/a><a href=\"http:\/\/www.dtac.eu\/\"> www.dtac.eu <\/a>internet sitesinden<br>elektronik ortamda sipari\u015fini yapt\u0131\u011f\u0131 a\u015fa\u011f\u0131da nitelikleri ve sat\u0131\u015f \u00fccreti belirtilen \u00fcr\u00fcn\u00fcn sat\u0131\u015f\u0131 ve teslimi ile ilgili olarak 6502 Say\u0131l\u0131 T\u00dcKET\u0130C\u0130N\u0130N KORUNMASI HAKKINDA KANUNU&nbsp; ve Mesafeli S\u00f6zle\u015fmelere Dair Y\u00f6netmelik h\u00fck\u00fcmleri gere\u011fince taraflar\u0131n hak ve y\u00fck\u00fcml\u00fcl\u00fcklerinin saptanmas\u0131d\u0131r.&nbsp;<br>Al\u0131c\u0131, sat\u0131c\u0131n\u0131n isim, unvan, a\u00e7\u0131k adres, telefon ve di\u011fer eri\u015fim bilgileri, sat\u0131\u015fa konu mal\u0131n temel nitelikleri, vergiler dahil olmak \u00fczere sat\u0131\u015f fiyat\u0131, \u00f6deme \u015fekli, masraflar\u0131 vs. sat\u0131\u015fa konu mal ile ilgili t\u00fcm \u00f6n bilgiler ve \u201ccayma\u201d hakk\u0131n\u0131n kullan\u0131lmas\u0131 ve bu hakk\u0131n nas\u0131l kullan\u0131laca\u011f\u0131, \u015fikayet ve itirazlar\u0131n\u0131 iletebilecekleri resmi makamlar vs. konusunda a\u00e7\u0131k, anla\u015f\u0131l\u0131r ve internet ortam\u0131na uygun \u015fekilde sat\u0131c\u0131 taraf\u0131ndan bilgilendirildi\u011fini, bu \u00f6n bilgileri elektronik ortamda teyit etti\u011fini ve sonras\u0131nda mal sipari\u015f verdi\u011fini i\u015fbu s\u00f6zle\u015fme h\u00fck\u00fcmlerince kabul ve beyan eder.&nbsp;<br><a href=\"http:\/\/www.euroturkassist.com\/\">www.euroturkassist.com <\/a>\/ <a href=\"http:\/\/www.dtac.eu\/\">www.dtac.eu<br><\/a>sitesinde yer alan \u00f6n bilgilendirme ve al\u0131c\u0131 taraf\u0131ndan verilen sipari\u015f \u00fczerine d\u00fczenlenen fatura i\u015fbu s\u00f6zle\u015fmenin ayr\u0131lmaz par\u00e7alar\u0131d\u0131r.&nbsp;<br>Madde 3- S\u00f6zle\u015fme Konusu \u00dcr\u00fcn \/ \u00d6deme Bilgileri&nbsp;<br>Elektronik ortamda al\u0131nan \u00fcr\u00fcn \/ \u00fcr\u00fcnlerin cinsi ve t\u00fcr\u00fc, miktar\u0131, marka \/ modeli, sat\u0131\u015f bedeli, \u00f6deme \u015fekli <a href=\"http:\/\/www.euroturkassist.com\/\">www.euroturkassist.com <\/a>\/ <a href=\"http:\/\/www.dtac.eu\/\">www.dtac.eu <\/a>&nbsp;sitesinde yer ald\u0131\u011f\u0131 \u015fekildedir. Fatura bilgileri, faturay\u0131 teslim alacak ki\u015fi, fatura teslimat adresi ALICI\u2019n\u0131n <a href=\"http:\/\/www.euroturkassist.com\/\">www.euroturkassist.com <\/a>\/ <a href=\"http:\/\/www.dtac.eu\/\">www.dtac.eu <\/a>&nbsp;sitesinde doldurdu\u011fu formda belirtti\u011fi gibidir. Bu bilgiler do\u011fru ve eksiksiz olmal\u0131d\u0131r. Bu bilgilerin do\u011fru olmad\u0131\u011f\u0131 veya noksan oldu\u011fu durumlardan do\u011facak zararlar\u0131 tamam\u0131yla kar\u015f\u0131lamay\u0131 ve ayr\u0131ca bu durumdan olu\u015fabilecek her t\u00fcrl\u00fc sorumlulu\u011fu ALICI kabul eder.&nbsp; SATICI gerekli g\u00f6rd\u00fc\u011f\u00fc durumlarda, ALICI\u2019n\u0131n vermi\u015f oldu\u011fu bilgiler ger\u00e7ekle \u00f6rt\u00fc\u015fmedi\u011finde, sipari\u015fi durdurma hakk\u0131n\u0131 sakl\u0131 tutar. SATICI sipari\u015fte sorun tespit etti\u011fi durumlarda ALICI\u2019n\u0131n vermi\u015f oldu\u011fu telefon, e-posta ve posta adreslerinden ALICI\u2019ya ula\u015famad\u0131\u011f\u0131 takdirde sipari\u015fin y\u00fcr\u00fcrl\u00fc\u011fe koyulmas\u0131n\u0131 15 (on be\u015f) g\u00fcn s\u00fcreyle dondurur. ALICI\u2019n\u0131n bu s\u00fcre zarf\u0131nda SATICI ile konuyla ilgili olarak ileti\u015fime ge\u00e7mesi beklenir.&nbsp;<br>Bu s\u00fcre i\u00e7erisinde ALICI\u2019dan herhangi bir cevap al\u0131namazsa SATICI, her iki taraf\u0131n da zarar g\u00f6rmemesi i\u00e7in sipari\u015fi iptal eder.&nbsp;<br>Madde 4- S\u00f6zle\u015fme Tarihi ve M\u00fccbir Nedenler<br>S\u00f6zle\u015fme tarihi, al\u0131c\u0131 taraf\u0131ndan sipari\u015fin verildi\u011fi tarihten itibaren 14 (ond\u00f6rt) g\u00fcn sonraki tarihtir. S\u00f6zle\u015fme tarihinde mevcut olmayan veya \u00f6ng\u00f6r\u00fclmeyen, taraflar\u0131n kontrolleri d\u0131\u015f\u0131nda geli\u015fen, ortaya \u00e7\u0131kmas\u0131yla taraflardan birinin ya da her ikisinin de s\u00f6zle\u015fme ile y\u00fcklendikleri bor\u00e7 ve sorumluluklar\u0131n\u0131 k\u0131smen ya da tamamen yerine getirmelerini ya da bunlar\u0131 zaman\u0131nda yerine getirmelerini olanaks\u0131zla\u015ft\u0131ran durumlar, m\u00fccbir sebep (do\u011fal afet, sava\u015f, ter\u00f6r, ayaklanma, de\u011fi\u015fen mevzuat h\u00fck\u00fcmleri, el koyma veya grev, lokavt, \u00fcretim ve ileti\u015fim tesislerinde \u00f6nemli \u00f6l\u00e7\u00fcde ar\u0131za vb.) olarak kabul edilecektir. M\u00fccbir sebep \u015fahs\u0131nda ger\u00e7ekle\u015fen taraf, di\u011fer tarafa durumu derhal ve yaz\u0131l\u0131 olarak bildirecektir. M\u00fccbir sebebin devam\u0131 esnas\u0131nda taraflar\u0131n edimlerini yerine getirememelerinden dolay\u0131 herhangi bir sorumluluklar\u0131 do\u011fmayacakt\u0131r. \u0130\u015fbu m\u00fccbir sebep durumu 30 (otuz) g\u00fcn s\u00fcreyle devam ederse, taraflardan her birinin, tek tarafl\u0131 olarak fesih hakk\u0131 do\u011fmu\u015f olacakt\u0131r.&nbsp;<br>Madde 5- Sat\u0131c\u0131n\u0131n Hak ve Y\u00fck\u00fcml\u00fcl\u00fckleri &#8211; Mesafeli Sat\u0131\u015f S\u00f6zle\u015fmesi&nbsp;<br>5.1. Sat\u0131c\u0131, 6502 say\u0131l\u0131 T\u00fcketicilerin Korunmas\u0131 Hakk\u0131ndaki Kanun ve Mesafeli S\u00f6zle\u015fmelere Dair Y\u00f6netmelik h\u00fck\u00fcmleri uyar\u0131nca s\u00f6zle\u015fmede kendisine y\u00fcklenen edimleri m\u00fccbir haller d\u0131\u015f\u0131nda eksiksiz yerine getirmeyi kabul ve taahh\u00fct eder.&nbsp;<br>5.2. 18 (on sekiz) ya\u015f\u0131ndan k\u00fc\u00e7\u00fck ki\u015filer<a href=\"http:\/\/www.euroturkassist.com\/\">www.euroturkassist.com <\/a>\/ <a href=\"http:\/\/www.dtac.eu\/\">www.dtac.eu <\/a>\u2019dan al\u0131\u015fveri\u015f yapamaz. Sat\u0131c\u0131, al\u0131c\u0131n\u0131n s\u00f6zle\u015fmede belirtti\u011fi ya\u015f\u0131n\u0131n do\u011fru oldu\u011funu esas alacakt\u0131r. Ancak al\u0131c\u0131n\u0131n ya\u015f\u0131n\u0131 yanl\u0131\u015f yazmas\u0131ndan dolay\u0131 sat\u0131c\u0131ya hi\u00e7bir \u015fekilde sorumluluk y\u00fcklenemeyecektir.&nbsp;<br>5.2. Sistem hatalar\u0131ndan meydana gelen fiyat yanl\u0131\u015fl\u0131klar\u0131ndan&nbsp; <a href=\"http:\/\/www.euroturkassist.com\/\">www.euroturkassist.com <\/a>\/ <a href=\"http:\/\/www.dtac.eu\/\">www.dtac.eu <\/a>sorumlu de\u011fildir. Buna istinaden sat\u0131c\u0131, internet sitesindeki sistemden,&nbsp; dizayndan veya yasad\u0131\u015f\u0131 yollarla internet sitesine yap\u0131labilecek m\u00fcdahaleler sebebiyle ortaya \u00e7\u0131kabilecek tan\u0131t\u0131m, fiyat hatalar\u0131ndan sorumlu de\u011fildir. Sistem hatalar\u0131na dayal\u0131 olarak al\u0131c\u0131 sat\u0131c\u0131dan hak iddias\u0131nda bulunamaz.&nbsp;<br>5.3.<a href=\"http:\/\/www.euroturkassist.com\/\"> www.euroturkassist.com <\/a>\/ <a href=\"http:\/\/www.dtac.eu\/\">www.dtac.eu\u2018d<\/a>an kredi kart\u0131 (Visa, MasterCard) ile al\u0131\u015fveri\u015f yap\u0131labilir. Sipari\u015flerin i\u015fleme al\u0131nma zaman\u0131, sipari\u015fin verildi\u011fi an de\u011fil, kredi kart\u0131 hesab\u0131ndan gerekli tahsilat\u0131n yap\u0131ld\u0131\u011f\u0131 and\u0131r. \u00d6demeli g\u00f6nderi ya da posta \u00e7eki gibi \u00f6deme y\u00f6ntemleri kabul edilmez.&nbsp;<br>5.4. Bu hizmet, ticari kullan\u0131m hari\u00e7, yaln\u0131zca hususi kullan\u0131mda olan binek &amp; hafif ticari otomobiller i\u00e7in ge\u00e7erlidir.&nbsp;<br>Madde 6- Al\u0131c\u0131n\u0131n Hak ve Y\u00fck\u00fcml\u00fcl\u00fckleri \u2013 Mesafeli Sat\u0131\u015f S\u00f6zle\u015fmesi &nbsp;<br>6.&nbsp;&nbsp;&nbsp;&nbsp;&nbsp;&nbsp;&nbsp;&nbsp;&nbsp;&nbsp;&nbsp;&nbsp; 1.Al\u0131c\u0131, s\u00f6zle\u015fmede kendisine y\u00fcklenen edimleri m\u00fccbir sebepler d\u0131\u015f\u0131nda eksiksiz yerine getirmeyi kabul ve taahh\u00fct eder.&nbsp;<br>6.2.&nbsp;&nbsp;&nbsp;&nbsp;&nbsp;&nbsp;&nbsp;&nbsp; Al\u0131c\u0131, sipari\u015f vermekle birlikte i\u015f s\u00f6zle\u015fme h\u00fck\u00fcmlerini kabul etmi\u015f say\u0131ld\u0131\u011f\u0131n\u0131 ve s\u00f6zle\u015fmede belirtilen \u00f6deme \u015fekline uygun \u00f6demeyi yapaca\u011f\u0131n\u0131 kabul ve taahh\u00fct eder.&nbsp;<br>6.3.&nbsp;&nbsp;&nbsp;&nbsp;&nbsp;&nbsp;&nbsp;&nbsp; Al\u0131c\u0131,<a href=\"http:\/\/www.euroturkassist.com\/\"> www.euroturkassist.com <\/a>\/ <a href=\"http:\/\/www.dtac.eu\/\">www.dtac.eu <\/a>internet sitesinden sat\u0131c\u0131n\u0131n isim, unvan, a\u00e7\u0131k adres, telefon ve di\u011fer eri\u015fim bilgileri, sat\u0131\u015fa konu mal\u0131n temel nitelikleri, vergiler dahil olmak \u00fczere sat\u0131\u015f fiyat\u0131, \u00f6deme \u015fekli, masraflar\u0131 vs. sat\u0131\u015fa konu mal ile ilgili t\u00fcm \u00f6n bilgiler ve \u201ccayma\u201d hakk\u0131n\u0131n kullan\u0131lmas\u0131 ve bu hakk\u0131n nas\u0131l kullan\u0131laca\u011f\u0131, \u015fikayet ve itirazlar\u0131n\u0131 iletebilecekleri resmi makamlar vs. konusunda a\u00e7\u0131k, anla\u015f\u0131l\u0131r ve internet ortam\u0131na uygun \u015fekilde bilgi sahibi oldu\u011funu bu \u00f6n bilgileri elektronik ortamda teyit etti\u011fini kabul ve beyan eder.&nbsp;<\/p><p>6.4. Bir \u00f6nceki maddeye ba\u011fl\u0131 olarak Al\u0131c\u0131, \u00fcr\u00fcn sipari\u015f ve \u00f6deme ko\u015fullar\u0131n\u0131n, \u00fcr\u00fcn kapsam\u0131ndaki hizmetlerin kullan\u0131m talimatlar\u0131n\u0131n ve teminatlar\u0131n\u0131n, olas\u0131 durumlara kar\u015f\u0131 al\u0131nan tedbirlerin ve yap\u0131lan uyar\u0131lar\u0131n oldu\u011fu sipari\u015f\/\u00f6deme\/kullan\u0131m prosed\u00fcr\u00fc bilgilerini okuyup bilgi sahibi oldu\u011funu ve elektronik ortamda gerekli teyidi verdi\u011fini beyan eder.&nbsp;<br>6.5. Al\u0131c\u0131, ald\u0131\u011f\u0131 \u00fcr\u00fcn\u00fc iade etmek istemesi durumunda ilk 14 (on d\u00f6rt) g\u00fcn i\u00e7erisinde SATICI\u2019y\u0131 bilgilendirmek durumundad\u0131r. ALICI, \u00fcr\u00fcn i\u00e7eri\u011findeki hizmetlerden herhangi birinden faydalanmam\u0131\u015f olmak ko\u015fuluyla sat\u0131\u015f\u0131n yap\u0131ld\u0131\u011f\u0131 tarihten itibaren sonra 14 (on d\u00f6rt) g\u00fcn i\u00e7erisinde herhangi bir gerek\u00e7e g\u00f6stermeksizin ve cezai \u015fart \u00f6demeksizin s\u00f6zle\u015fmeden cayma hakk\u0131na sahiptir. 385 say\u0131l\u0131 vergi usul kanunu genel tebli\u011fi uyar\u0131nca iade i\u015flemlerinin yap\u0131labilmesi i\u00e7in al\u0131c\u0131n\u0131n&nbsp; sat\u0131c\u0131ya ait faturay\u0131 sat\u0131c\u0131ya g\u00f6ndermek suretiyle iade etmesi gerekmektedir. Cayma hakk\u0131 s\u00fcresi sat\u0131\u015f tarihinden itibaren ba\u015flar. \u0130ade edilen \u00fcr\u00fcn veya \u00fcr\u00fcnlerin fatura geri g\u00f6nderim bedeli al\u0131c\u0131 taraf\u0131ndan kar\u015f\u0131lanmal\u0131d\u0131r. 14 g\u00fcnden sonra al\u0131c\u0131n\u0131n \u00fcr\u00fcn\u00fc iade hakk\u0131 bulunmamaktad\u0131r. \u00dcr\u00fcn araca tahsis edilmekte olup arac\u0131n el de\u011fi\u015ftirmesi, al\u0131n\u0131p sat\u0131lmas\u0131 durumunda bu hak, s\u00f6zle\u015fme s\u00fcresi bitimine kadar yeni ara\u00e7 sahibine ge\u00e7mektedir. Sat\u0131c\u0131\/Sa\u011flay\u0131c\u0131 i\u015fbu s\u00f6zle\u015fmeden kaynaklanan haklar\u0131n\u0131 ve y\u00fck\u00fcml\u00fcl\u00fcklerini diledi\u011fi \u00fc\u00e7\u00fcnc\u00fc ger\u00e7ek veya t\u00fczel ki\u015fiye, k\u0131smen veya tamamen devredebilir.&nbsp;<br>Madde 7- Sipari\u015f \/ \u00d6deme Prosed\u00fcr\u00fc<br>Sipari\u015f: Mesafeli Sat\u0131\u015f S\u00f6zle\u015fmesi&nbsp;<br>\u00dcr\u00fcnlerin KDV dahil EURO \/ TL tutar\u0131 (Taksitli i\u015flemlerde toplam taksit tutarlar\u0131) al\u0131c\u0131 taraf\u0131ndan onayland\u0131ktan sonra, ilgili banka kart\u0131n\u0131n posu \u00fczerinden i\u015fleme al\u0131n\u0131r. Sipari\u015flerin i\u015fleme al\u0131nma zaman\u0131, sipari\u015fin verildi\u011fi an de\u011fil, kredi kart\u0131 hesab\u0131ndan gerekli tahsilat\u0131n yap\u0131ld\u0131\u011f\u0131 and\u0131r.&nbsp;<br>\u00d6deme: &nbsp;<br>ALICI, kredi kart\u0131 ile \u00f6deme yaparken ilgili faiz oranlar\u0131n\u0131 ve temerr\u00fct faizi ile ilgili bilgileri bankas\u0131ndan ayr\u0131ca teyit edece\u011fini, y\u00fcr\u00fcrl\u00fckte bulunan mevzuat h\u00fck\u00fcmleri gere\u011fince faiz ve temerr\u00fct faizi ile ilgili h\u00fck\u00fcmlerin Banka ve ALICI aras\u0131ndaki \u201cKredi Kart\u0131 S\u00f6zle\u015fmesi\u201d kapsam\u0131nda uygulanaca\u011f\u0131n\u0131 kabul, beyan ve taahh\u00fct eder.&nbsp;<br>Madde 8- Sevkiyat \/ Teslimat Prosed\u00fcr\u00fc&nbsp; Sevkiyat: Mesafeli Sat\u0131\u015f S\u00f6zle\u015fmesi <a href=\"http:\/\/www.euroturkassist.com\/\">www.euroturkassist.com <\/a>\/ <a href=\"http:\/\/www.dtac.eu\/\">www.dtac.eu <\/a>sitesinde sat\u0131n al\u0131nan \u00fcr\u00fcne ait fatura, s\u00f6zle\u015fme tarihinden 1 (bir) hafta sonra sat\u0131c\u0131n\u0131n anla\u015fmal\u0131 oldu\u011fu kargo \u015firketine verilir.&nbsp;<br>&nbsp;<br>Teslimat:Mesafeli Sat\u0131\u015f S\u00f6zle\u015fmesi&nbsp;<br>Fatura iki n\u00fcsha olarak sat\u0131c\u0131n\u0131n anla\u015fmal\u0131 oldu\u011fu kargo ile al\u0131c\u0131n\u0131n adresine teslim edilecektir. Fatura teslimat s\u00fcresi, s\u00f6zle\u015fmenin kurulmas\u0131ndan itibaren maksimum 30 g\u00fcnd\u00fcr. Al\u0131c\u0131ya \u00f6nceden yaz\u0131l\u0131 olarak veya bir s\u00fcrekli veri ta\u015f\u0131y\u0131c\u0131s\u0131yla bildirilmek ko\u015fuluyla bu s\u00fcre en fazla on g\u00fcn uzat\u0131labilir.&nbsp;<br>Fatura, kargo \u015firketlerinin adres teslimat\u0131 yapmad\u0131\u011f\u0131 b\u00f6lgelere telefon ihbarl\u0131 olarak g\u00f6nderilir.&nbsp;<br>Kargo \u015eirketinin haftada bir g\u00fcn teslimat yapt\u0131\u011f\u0131 b\u00f6lgelerde, sevk bilgilerindeki yanl\u0131\u015fl\u0131k ve eksiklik oldu\u011fu hallerde, baz\u0131 sosyal olaylar ve do\u011fal afetler gibi durumlarda belirtilen g\u00fcn s\u00fcresinde sarkma olabilir. Bu sarkmalardan dolay\u0131 al\u0131c\u0131 sat\u0131c\u0131ya herhangi bir sorumluluk y\u00fckleyemez. Faturan\u0131n teslim edilece\u011fi ki\u015fi\/kurulu\u015fun teslimat\u0131 kabul etmemesinden, sevk bilgilerindeki yanl\u0131\u015fl\u0131k ve\/veya Al\u0131c\u0131n\u0131n yerinde olmamas\u0131ndan do\u011fabilecek ekstra kargo bedellerinden sat\u0131c\u0131 sorumlu de\u011fildir. Belirtilen g\u00fcnler i\u00e7eri\u011finde fatura m\u00fc\u015fteriye ula\u015fmad\u0131ysa teslimat problemleri m\u00fc\u015fteri hizmetlerine info@dtac.eu e-posta adresi kullan\u0131lmak sureti ile derhal bildirilmelidir.&nbsp; Fatura Al\u0131c\u0131 taraf\u0131ndan teslim al\u0131nd\u0131ktan sonra Kargo \u015eirketinin g\u00f6revini tam olarak yapt\u0131\u011f\u0131 kabul edilmi\u015f olur. G\u00f6nderi kabul edilmemi\u015f ve tutanak tutulmu\u015f ise, durum, tutana\u011f\u0131n Al\u0131c\u0131\u2019da kalan kopyas\u0131yla birlikte en k\u0131sa zamanda sat\u0131c\u0131 M\u00fc\u015fteri Hizmetlerine bildirilmelidir.&nbsp;&nbsp;<strong><\/strong><\/p><p><br>Madde 9- \u00dcr\u00fcn \u0130ade ve Cayma Hakk\u0131na \u0130li\u015fkin Prosed\u00fcr\u00fc \u00dcr\u00fcn \u0130ade: Mesafeli Sat\u0131\u015f S\u00f6zle\u015fmesi<br>Al\u0131c\u0131, ald\u0131\u011f\u0131 \u00fcr\u00fcn\u00fc iade etmek istemesi durumunda, ald\u0131\u011f\u0131 \u00fcr\u00fcn\u00fcn sundu\u011fu hi\u00e7bir hizmetten yararlanmam\u0131\u015f olmas\u0131 \u015fart\u0131yla, ilk 14 (on d\u00f6rt) g\u00fcn i\u00e7erisinde SATICI\u2019ya haber vermek suretiyle \u00fcr\u00fcn\u00fc iade hakk\u0131na sahiptir. Al\u0131c\u0131n\u0131n \u00fcr\u00fcn\u00fcn sundu\u011fu hizmetlerden faydalanm\u0131\u015f olmas\u0131 durumunda, \u00fcr\u00fcn\u00fcn iadesi m\u00fcmk\u00fcn de\u011fildir. Al\u0131c\u0131, ald\u0131\u011f\u0131 \u00fcr\u00fcn\u00fc iade etmek istemesi durumunda, ald\u0131\u011f\u0131 \u00fcr\u00fcn\u00fcn sundu\u011fu hi\u00e7bir hizmetten yararlanmam\u0131\u015f olmas\u0131 \u015fart\u0131yla, sat\u0131\u015f\u0131n ger\u00e7ekle\u015fti\u011fi tarihten itibaren 14 (on d\u00f6rt) g\u00fcn i\u00e7erisinde herhangi bir gerek\u00e7e g\u00f6stermeksizin ve cezai \u015fart olmaks\u0131z\u0131n, ceza \u00f6demeksizin s\u00f6zle\u015fmeden cayma hakk\u0131na sahiptir. 385 say\u0131l\u0131 vergi usul kanunu genel tebli\u011fi uyar\u0131nca iade i\u015flemlerinin yap\u0131labilmesi i\u00e7in al\u0131c\u0131n\u0131n&nbsp; sat\u0131c\u0131ya ait faturay\u0131 sat\u0131c\u0131ya g\u00f6ndermek suretiyle iade etmesi gerekmektedir. Cayma hakk\u0131 s\u00fcresi sat\u0131\u015f tarihinden itibaren ba\u015flar. \u0130ade edilen \u00fcr\u00fcn veya \u00fcr\u00fcnlerin fatura geri g\u00f6nderim bedeli al\u0131c\u0131 taraf\u0131ndan kar\u015f\u0131lanmal\u0131d\u0131r. 14 g\u00fcnden sonra al\u0131c\u0131n\u0131n \u00fcr\u00fcn\u00fc iade hakk\u0131 bulunmamaktad\u0131r. \u00dcr\u00fcn araca tahsis edilmekte olup arac\u0131n el de\u011fi\u015ftirmesi, al\u0131n\u0131p sat\u0131lmas\u0131 durumunda bu hak, s\u00f6zle\u015fme s\u00fcresi bitimine kadar yeni ara\u00e7 sahibine ge\u00e7mektedir. Sat\u0131c\u0131\/Sa\u011flay\u0131c\u0131 i\u015fbu s\u00f6zle\u015fmeden kaynaklanan haklar\u0131n\u0131 ve y\u00fck\u00fcml\u00fcl\u00fcklerini diledi\u011fi \u00fc\u00e7\u00fcnc\u00fc ger\u00e7ek veya t\u00fczel ki\u015fiye, k\u0131smen veya tamamen devredebilir.<br>&nbsp;<br>Al\u0131c\u0131n\u0131n istekleri ve\/veya a\u00e7\u0131k\u00e7a onun ki\u015fisel ihtiya\u00e7lar\u0131 do\u011frultusunda haz\u0131rlanan \u00fcr\u00fcnler i\u00e7in cayma hakk\u0131 s\u00f6z konusu de\u011fildir.&nbsp;<br>Al\u0131c\u0131n\u0131n cayma hakk\u0131n\u0131 kullanmas\u0131 halinde sat\u0131c\u0131, cayma bildirimini i\u00e7eren faturan\u0131n kendisine ula\u015fmas\u0131ndan itibaren en ge\u00e7 on g\u00fcn i\u00e7erisinde alm\u0131\u015f oldu\u011fu toplam bedeli ve varsa t\u00fcketiciyi bor\u00e7 alt\u0131na sokan her t\u00fcrl\u00fc belgeyi t\u00fcketiciye hi\u00e7bir masraf y\u00fcklemeden iade edecektir.&nbsp;<br>\u00dcr\u00fcn\u00fcn de\u011ferinin azalmas\u0131 veya iadeyi imk\u00e2ns\u0131z k\u0131lan bir nedenin varl\u0131\u011f\u0131 cayma hakk\u0131n\u0131n kullan\u0131lmas\u0131na engel de\u011fildir. Ancak de\u011fer azalmas\u0131 veya iadenin imk\u00e2ns\u0131zla\u015fmas\u0131 t\u00fcketicinin kusurundan kaynaklan\u0131yorsa sat\u0131c\u0131ya \u00fcr\u00fcn\u00fcn de\u011ferini veya de\u011ferindeki azalmay\u0131 tazmin etmesi gerekir.&nbsp;<br>Sehven al\u0131nan her \u00fcr\u00fcn i\u00e7in de genel iade s\u00fcresi 14 g\u00fcnd\u00fcr.<br>\u00dcr\u00fcn iadesi i\u00e7in, durum \u00f6ncelikli olarak m\u00fc\u015fteri hizmetlerine iletilmelidir. \u00dcr\u00fcn\u00fcn faturas\u0131n\u0131n iade olarak g\u00f6nderilme bilgisi, sat\u0131c\u0131 taraf\u0131ndan m\u00fc\u015fteriye iletilir. Bu g\u00f6r\u00fc\u015fmeden sonra \u00fcr\u00fcn faturas\u0131, al\u0131c\u0131 adresine teslimat\u0131 yapan Kargo \u015firketi kanal\u0131yla sat\u0131c\u0131ya ula\u015ft\u0131rmal\u0131d\u0131r. Sat\u0131c\u0131ya ula\u015fan faturan\u0131n geri \u00f6demesi al\u0131c\u0131 kredi kart\u0131na\/hesab\u0131na yap\u0131l\u0131r. Fatura iade edilmeden bedel iadesi yap\u0131lmaz. Kredi Kart\u0131na yap\u0131lan iadelerin kredi kart\u0131 hesaplar\u0131na yans\u0131ma s\u00fcresi ilgili bankan\u0131n tasarrufundad\u0131r.&nbsp;<br>Al\u0131\u015fveri\u015f kredi kart\u0131 ile ve taksitli olarak yap\u0131lm\u0131\u015fsa, kredi kart\u0131na iade prosed\u00fcr\u00fc \u015fu \u015fekilde uygulanacakt\u0131r: Al\u0131c\u0131 \u00fcr\u00fcn\u00fc ka\u00e7 taksit ile sat\u0131n alma talebini iletmi\u015f ise, Banka al\u0131c\u0131ya geri \u00f6demesini taksitle yapmaktad\u0131r. Sat\u0131c\u0131, bankaya \u00fcr\u00fcn bedelinin tamam\u0131n\u0131 tek seferde \u00f6dedikten sonra, Banka poslar\u0131ndan yap\u0131lan taksitli harcamalar\u0131n al\u0131c\u0131n\u0131n kredi kart\u0131na iadesi durumunda konuya m\u00fcdahil taraflar\u0131n ma\u011fdur duruma d\u00fc\u015fmemesi i\u00e7in talep edilen iade tutarlar\u0131, yine taksitli olarak hamil taraf hesaplar\u0131na Banka taraf\u0131ndan aktar\u0131l\u0131r. Al\u0131c\u0131n\u0131n sat\u0131\u015f&nbsp; iptaline kadar \u00f6demi\u015f oldu\u011fu taksit tutarlar\u0131, e\u011fer iade tarihi ile kart\u0131n hesap kesim tarihleri \u00e7ak\u0131\u015fmazsa her ay karta 1 (bir) iade yans\u0131yacak ve al\u0131c\u0131 iade \u00f6ncesinde \u00f6demi\u015f oldu\u011fu taksitleri sat\u0131\u015f\u0131n taksitleri bittikten sonra, iade \u00f6ncesinde \u00f6demi\u015f oldu\u011fu taksit say\u0131s\u0131 kadar ay daha alacak ve mevcut bor\u00e7lar\u0131ndan d\u00fc\u015fm\u00fc\u015f olacakt\u0131r.&nbsp; Kart ile al\u0131nm\u0131\u015f mal ve hizmetin iadesi durumunda sat\u0131c\u0131, Banka ile yapm\u0131\u015f oldu\u011fu s\u00f6zle\u015fme gere\u011fi al\u0131c\u0131ya nakit para ile \u00f6deme yapamaz. \u00dcye i\u015fyeri yani sat\u0131c\u0131, bir iade i\u015flemi s\u00f6z konusu oldu\u011funda ilgili yaz\u0131l\u0131m arac\u0131l\u0131\u011f\u0131 ile iadesini yapacak olup, \u00fcye i\u015fyeri yani sat\u0131c\u0131 ilgili tutar\u0131 Bankaya nakden veya mahsuben \u00f6demekle y\u00fck\u00fcml\u00fc oldu\u011fundan yukar\u0131da detaylar\u0131 belirtilen prosed\u00fcr gere\u011fince al\u0131c\u0131ya nakit olarak \u00f6deme yap\u0131lamamaktad\u0131r. Kredi kart\u0131na iade, al\u0131c\u0131n\u0131n Bankaya bedeli tek seferde \u00f6demesinden sonra, Banka taraf\u0131ndan yukar\u0131daki prosed\u00fcr gere\u011fince yap\u0131lacakt\u0131r.&nbsp;<br>M\u00fc\u015fteri Eurot\u00fcrkassist\u2019in sunmu\u015f olu\u011fu hizmetlerden sadece S\u0131laYolu G\u00fczergah\u0131nda (Bel\u00e7ika, Hollanda,Almanya,Avusturya + Slovenya + H\u0131rvatistan + Macaristan + S\u0131rbistan + Bulgaristan&nbsp; + Makedonya +Yunanistan) Ve T\u00fcrkiye\u2019nin 81 Ilinde EuroT\u00fcrk Assist Pratik yol yard\u0131m hizmetlerinden faydalanabilir.<strong><\/strong><\/p><p><br>Madde 10-Garanti-Mesafeli Sat\u0131\u015f S\u00f6zle\u015fmesi&nbsp;<br>Sat\u0131c\u0131n\u0131n garanti sorumlulu\u011fu yaln\u0131zca 6502 say\u0131l\u0131 kanun kapsam\u0131na giren t\u00fcketiciler i\u00e7in ge\u00e7erlidir. Ticari nitelikteki i\u015fler i\u00e7in T\u00fcrk Ticaret Kanununu h\u00fck\u00fcmleri ge\u00e7erli olacakt\u0131r.<strong><\/strong><\/p><p><br>Madde 11- Gizlilik-Mesafeli Sat\u0131\u015f S\u00f6zle\u015fmesi&nbsp;<br>Al\u0131c\u0131, i\u015fbu s\u00f6zle\u015fmeyi kabul ederek<a href=\"http:\/\/www.euroturkassist.com\/\">www.euroturkassist.com <\/a>\/ <a href=\"http:\/\/www.dtac.eu\/\">www.dtac.eu <\/a>sitesinde bulunan gizlilik s\u00f6zle\u015fmesini de kabul etmi\u015f say\u0131lmaktad\u0131r.<br>&nbsp;<br>Madde 12- Uyu\u015fmazl\u0131k Durumunda Yetkili Mahkeme ve \u0130cra Daireleri<br>\u0130\u015fbu s\u00f6zle\u015fmenin uygulanmas\u0131ndan kaynaklanan uyu\u015fmazl\u0131k halinde, Sanayi ve Ticaret Bakanl\u0131\u011f\u0131nca her y\u0131l Aral\u0131k ay\u0131nda ilan edilen de\u011fere kadar T\u00fcketici Hakem Heyetleri ile Al\u0131c\u0131\u2019n\u0131n veya Sat\u0131c\u0131\u2019n\u0131n yerle\u015fim yerindeki T\u00fcketici Mahkemeleri yetkilidir.&nbsp;<br>Sipari\u015fin ger\u00e7ekle\u015fmesi durumunda Al\u0131c\u0131 i\u015fbu s\u00f6zle\u015fmenin t\u00fcm ko\u015fullar\u0131n\u0131 kabul etmi\u015f say\u0131l\u0131r.&nbsp;<strong><\/strong><\/p><p>Tarih: 12.04.2019<\/p>","protected":false},"excerpt":{"rendered":"<p>Madde 1- Taraflar&nbsp;1.1. Sat\u0131c\u0131ADI: EuroT\u00fcrkassist DTAC.e.V Spichernerstr.6 41449 DortmundTelefon: +49 (0) 231 130 79 9 34 E-posta :info@ euroturkassist.comWeb sitesi: www.euroturkassist.com www.dtac.eu &nbsp;&nbsp;1.2. Al\u0131c\u0131Sat\u0131n alacak ki\u015fi (bundan sonra ALICI olarak an\u0131lacakt\u0131r)Madde 2- Konu-Mesafeli Sat\u0131\u015f S\u00f6zle\u015fmesi&nbsp;\u0130\u015fbu s\u00f6zle\u015fmenin konusu, ALICI\u2019n\u0131n SATICI\u2019ya ait www.euroturkassist.com www.dtac.eu internet sitesindenelektronik ortamda sipari\u015fini yapt\u0131\u011f\u0131 a\u015fa\u011f\u0131da nitelikleri ve sat\u0131\u015f \u00fccreti belirtilen \u00fcr\u00fcn\u00fcn sat\u0131\u015f\u0131 [&hellip;]<\/p>\n","protected":false},"author":1,"featured_media":0,"parent":0,"menu_order":0,"comment_status":"closed","ping_status":"closed","template":"","meta":{"_monsterinsights_skip_tracking":false,"_monsterinsights_sitenote_active":false,"_monsterinsights_sitenote_note":"","_monsterinsights_sitenote_category":0,"footnotes":""},"class_list":["post-3114","page","type-page","status-publish","hentry"],"_links":{"self":[{"href":"https:\/\/www.turkiyeyolyardimi.com\/yol-yardim\/wp-json\/wp\/v2\/pages\/3114","targetHints":{"allow":["GET"]}}],"collection":[{"href":"https:\/\/www.turkiyeyolyardimi.com\/yol-yardim\/wp-json\/wp\/v2\/pages"}],"about":[{"href":"https:\/\/www.turkiyeyolyardimi.com\/yol-yardim\/wp-json\/wp\/v2\/types\/page"}],"author":[{"embeddable":true,"href":"https:\/\/www.turkiyeyolyardimi.com\/yol-yardim\/wp-json\/wp\/v2\/users\/1"}],"replies":[{"embeddable":true,"href":"https:\/\/www.turkiyeyolyardimi.com\/yol-yardim\/wp-json\/wp\/v2\/comments?post=3114"}],"version-history":[{"count":1,"href":"https:\/\/www.turkiyeyolyardimi.com\/yol-yardim\/wp-json\/wp\/v2\/pages\/3114\/revisions"}],"predecessor-version":[{"id":3116,"href":"https:\/\/www.turkiyeyolyardimi.com\/yol-yardim\/wp-json\/wp\/v2\/pages\/3114\/revisions\/3116"}],"wp:attachment":[{"href":"https:\/\/www.turkiyeyolyardimi.com\/yol-yardim\/wp-json\/wp\/v2\/media?parent=3114"}],"curies":[{"name":"wp","href":"https:\/\/api.w.org\/{rel}","templated":true}]}}